{"id":18,"date":"2023-02-05T02:34:23","date_gmt":"2023-02-05T02:34:23","guid":{"rendered":"https:\/\/clarionc.com\/?page_id=18"},"modified":"2023-02-24T00:46:12","modified_gmt":"2023-02-24T00:46:12","slug":"servicios-grupales","status":"publish","type":"page","link":"https:\/\/clarionc.com\/index.php\/servicios-grupales\/","title":{"rendered":"Servicios Grupales"},"content":{"rendered":"\n<div class=\"inherit-container-width wp-block-group alignfull has-ast-global-color-3-background-color has-background is-layout-constrained wp-block-group-is-layout-constrained\">\n<div class=\"wp-block-media-text has-media-on-the-right is-stacked-on-mobile is-vertically-aligned-center\" style=\"grid-template-columns:auto 45%\"><div class=\"wp-block-media-text__content\">\n<h2 class=\"has-text-color wp-block-heading\" style=\"color:#ffffff\">Servicios Grupales<\/h2>\n<\/div><figure class=\"wp-block-media-text__media\"><img loading=\"lazy\" decoding=\"async\" width=\"1024\" height=\"683\" src=\"https:\/\/clarionc.com\/wp-content\/uploads\/2023\/02\/Clarion_005-1024x683.jpg\" alt=\"\" class=\"wp-image-42 size-full\" srcset=\"https:\/\/clarionc.com\/wp-content\/uploads\/2023\/02\/Clarion_005-1024x683.jpg 1024w, https:\/\/clarionc.com\/wp-content\/uploads\/2023\/02\/Clarion_005-300x200.jpg 300w, https:\/\/clarionc.com\/wp-content\/uploads\/2023\/02\/Clarion_005-768x512.jpg 768w, https:\/\/clarionc.com\/wp-content\/uploads\/2023\/02\/Clarion_005-1536x1024.jpg 1536w, https:\/\/clarionc.com\/wp-content\/uploads\/2023\/02\/Clarion_005-174x116.jpg 174w, https:\/\/clarionc.com\/wp-content\/uploads\/2023\/02\/Clarion_005.jpg 1800w\" sizes=\"auto, (max-width: 1024px) 100vw, 1024px\" \/><\/figure><\/div>\n<\/div>\n\n\n\n<div class=\"wp-block-uagb-container uagb-block-67e11b75 alignfull uagb-is-root-container\"><div class=\"uagb-container-inner-blocks-wrap\">\n<div class=\"wp-block-uagb-container uagb-block-6e429ac5 alignfull uagb-is-root-container\"><div class=\"uagb-container-inner-blocks-wrap\">\n<div class=\"wp-block-uagb-container uagb-block-bd0d25f6 alignfull uagb-is-root-container\"><div class=\"uagb-container-inner-blocks-wrap\">\n<div class=\"wp-block-uagb-advanced-heading uagb-block-064acc6c\"><h2 class=\"uagb-heading-text\">Meditaci\u00f3n corporativa<\/h2><\/div>\n<\/div><\/div>\n\n\n\n<div class=\"wp-block-uagb-container uagb-block-077f1ab7 alignfull uagb-is-root-container\"><div class=\"uagb-container-inner-blocks-wrap\">\n<p>Se ha comprobado que la meditaci\u00f3n cu\u00e1ntica ayuda a:<br>\u2022 Mejorar notablemente la memoria a la vez que desarrolla la creatividad y plasticidad cerebral<br>\u2022 Mejorar el enfoque y recibe el entrenamiento para manejar mejor el estr\u00e9s<br>\u2022 Aumentar las habilidades de toma de decisiones y resoluci\u00f3n de problemas<br>\u2022 Fortalecer las habilidades de liderazgo y comunicaci\u00f3n incluyendo el Taichi de Descarga y entrenamiento cu\u00e1ntico en la meditaci\u00f3n.<br><strong>\u00a0<\/strong><br>Con tan solo unos 30 minutos al d\u00eda aumentar\u00e1s en tu equipo la productividad y bienestar que se traduce en un retorno de inversi\u00f3n bien importante.<\/p>\n<\/div><\/div>\n<\/div><\/div>\n<\/div><\/div>\n\n\n\n<div class=\"wp-block-uagb-container uagb-block-b4d7813f alignfull uagb-is-root-container\"><div class=\"uagb-container-inner-blocks-wrap\">\n<div class=\"wp-block-uagb-container uagb-block-9eb027cb alignfull uagb-is-root-container\"><div class=\"uagb-container-inner-blocks-wrap\">\n<div class=\"wp-block-uagb-container uagb-block-d418c9f0 alignfull uagb-is-root-container\"><div class=\"uagb-container-inner-blocks-wrap\">\n<div class=\"wp-block-uagb-advanced-heading uagb-block-6ca2657e\"><h2 class=\"uagb-heading-text\">Actividades corporativas<\/h2><\/div>\n<\/div><\/div>\n\n\n\n<div class=\"wp-block-uagb-container uagb-block-e8481f14 alignfull uagb-is-root-container\"><div class=\"uagb-container-inner-blocks-wrap\"><\/div><\/div>\n<\/div><\/div>\n<\/div><\/div>\n\n\n<form  class=\"kaliforms-form-container bootstrap-wrapper input-with-bg no-borders no-shadows \" data-form-id=\"6\" style=\"opacity:0\"><h3>Contact form<\/h3><div id=\"kaliforms-global-error-message-6\" class=\"global-error-message\"><\/div><div class=\"row kali-form-field-row\"><div class=\"col-12 col-md-6 \"><label  for=\"first-name\">Nombre (incluya todos) <span class=\"kali-required-mark\">*<\/span><\/label><input  data-internal-id=\"textbox2\" type=\"text\" id=\"first-name\" name=\"first-name\" data-properties.type=\"text\" required ><\/div><div class=\"col-12 col-md-6 \"><label  for=\"last-name\">Apellido (incluya todos) <span class=\"kali-required-mark\">*<\/span><\/label><input  data-internal-id=\"textbox3\" type=\"text\" id=\"last-name\" name=\"last-name\" data-properties.type=\"text\" required ><\/div><\/div><div class=\"row kali-form-field-row\"><div class=\"col-12 col-md-6 \"><label  for=\"date8\">Fecha de nacimiento<\/label><input data-internal-id=\"date8\" type=\"date\" id=\"date8\" name=\"date\" class=\"input\"><\/div><div class=\"col-12 col-md-6 \"><label  for=\"telephone7\">N\u00famero telef\u00f3nico<\/label><input  data-internal-id=\"telephone7\" type=\"tel\" id=\"telephone7\" name=\"telephone\" data-format=\"free\"  class=\"input\"><\/div><\/div><div class=\"row kali-form-field-row\"><div class=\"col-12 col-md-12 \"><label  for=\"email\">Direcci\u00f3n de correo electr\u00f3nico <span class=\"kali-required-mark\">*<\/span><\/label><input  data-internal-id=\"textbox4\" type=\"text\" id=\"email\" name=\"email\" data-properties.type=\"text\" required ><\/div><\/div><div class=\"row kali-form-field-row\"><div class=\"col-12 col-md-12 \"><label  for=\"message\">Mensaje <span class=\"kali-required-mark\">*<\/span><\/label><textarea  data-internal-id=\"textarea5\" type=\"textarea\" id=\"message\" name=\"message\"required  rows=\"5\" class=\"input\"><\/textarea><\/div><\/div><div class=\"row kali-form-field-row\"><div class=\"col-12 col-md-12 \"><input  data-internal-id=\"submitbutton6\" type=\"submit\" id=\"submit\" data-style=\"btn light-green rounded\"  class=\"input btn light-green rounded\" value=\"Enviar mensaje\" ><\/div><\/div><!-- This form was built using Kali Forms --><\/form>\n","protected":false},"excerpt":{"rendered":"<p>Servicios Grupales Meditaci\u00f3n corporativa Se ha comprobado que la meditaci\u00f3n cu\u00e1ntica ayuda a:\u2022 Mejorar notablemente la memoria a la vez que desarrolla la creatividad y plasticidad cerebral\u2022 Mejorar el enfoque y recibe el entrenamiento para manejar mejor el estr\u00e9s\u2022 Aumentar las habilidades de toma de decisiones y resoluci\u00f3n de problemas\u2022 Fortalecer las habilidades de liderazgo [&hellip;]<\/p>\n","protected":false},"author":1,"featured_media":0,"parent":0,"menu_order":0,"comment_status":"closed","ping_status":"closed","template":"","meta":{"_uag_custom_page_level_css":"","site-sidebar-layout":"default","site-content-layout":"","ast-site-content-layout":"default","site-content-style":"default","site-sidebar-style":"default","ast-global-header-display":"","ast-banner-title-visibility":"","ast-main-header-display":"","ast-hfb-above-header-display":"","ast-hfb-below-header-display":"","ast-hfb-mobile-header-display":"","site-post-title":"disabled","ast-breadcrumbs-content":"","ast-featured-img":"","footer-sml-layout":"","ast-disable-related-posts":"","theme-transparent-header-meta":"","adv-header-id-meta":"","stick-header-meta":"","header-above-stick-meta":"","header-main-stick-meta":"","header-below-stick-meta":"","astra-migrate-meta-layouts":"default","ast-page-background-enabled":"default","ast-page-background-meta":{"desktop":{"background-color":"var(--ast-global-color-4)","background-image":"","background-repeat":"repeat","background-position":"center center","background-size":"auto","background-attachment":"scroll","background-type":"","background-media":"","overlay-type":"","overlay-color":"","overlay-opacity":"","overlay-gradient":""},"tablet":{"background-color":"","background-image":"","background-repeat":"repeat","background-position":"center center","background-size":"auto","background-attachment":"scroll","background-type":"","background-media":"","overlay-type":"","overlay-color":"","overlay-opacity":"","overlay-gradient":""},"mobile":{"background-color":"","background-image":"","background-repeat":"repeat","background-position":"center center","background-size":"auto","background-attachment":"scroll","background-type":"","background-media":"","overlay-type":"","overlay-color":"","overlay-opacity":"","overlay-gradient":""}},"ast-content-background-meta":{"desktop":{"background-color":"var(--ast-global-color-5)","background-image":"","background-repeat":"repeat","background-position":"center center","background-size":"auto","background-attachment":"scroll","background-type":"","background-media":"","overlay-type":"","overlay-color":"","overlay-opacity":"","overlay-gradient":""},"tablet":{"background-color":"var(--ast-global-color-5)","background-image":"","background-repeat":"repeat","background-position":"center center","background-size":"auto","background-attachment":"scroll","background-type":"","background-media":"","overlay-type":"","overlay-color":"","overlay-opacity":"","overlay-gradient":""},"mobile":{"background-color":"var(--ast-global-color-5)","background-image":"","background-repeat":"repeat","background-position":"center center","background-size":"auto","background-attachment":"scroll","background-type":"","background-media":"","overlay-type":"","overlay-color":"","overlay-opacity":"","overlay-gradient":""}},"footnotes":""},"class_list":["post-18","page","type-page","status-publish","hentry"],"uagb_featured_image_src":{"full":false,"thumbnail":false,"medium":false,"medium_large":false,"large":false,"1536x1536":false,"2048x2048":false,"form-edit-image-preview":false},"uagb_author_info":{"display_name":"admin","author_link":"https:\/\/clarionc.com\/index.php\/author\/clarionc\/"},"uagb_comment_info":0,"uagb_excerpt":"Servicios Grupales Meditaci\u00f3n corporativa Se ha comprobado que la meditaci\u00f3n cu\u00e1ntica ayuda a:\u2022 Mejorar notablemente la memoria a la vez que desarrolla la creatividad y plasticidad cerebral\u2022 Mejorar el enfoque y recibe el entrenamiento para manejar mejor el estr\u00e9s\u2022 Aumentar las habilidades de toma de decisiones y resoluci\u00f3n de problemas\u2022 Fortalecer las habilidades de liderazgo&hellip;","_links":{"self":[{"href":"https:\/\/clarionc.com\/index.php\/wp-json\/wp\/v2\/pages\/18","targetHints":{"allow":["GET"]}}],"collection":[{"href":"https:\/\/clarionc.com\/index.php\/wp-json\/wp\/v2\/pages"}],"about":[{"href":"https:\/\/clarionc.com\/index.php\/wp-json\/wp\/v2\/types\/page"}],"author":[{"embeddable":true,"href":"https:\/\/clarionc.com\/index.php\/wp-json\/wp\/v2\/users\/1"}],"replies":[{"embeddable":true,"href":"https:\/\/clarionc.com\/index.php\/wp-json\/wp\/v2\/comments?post=18"}],"version-history":[{"count":5,"href":"https:\/\/clarionc.com\/index.php\/wp-json\/wp\/v2\/pages\/18\/revisions"}],"predecessor-version":[{"id":133,"href":"https:\/\/clarionc.com\/index.php\/wp-json\/wp\/v2\/pages\/18\/revisions\/133"}],"wp:attachment":[{"href":"https:\/\/clarionc.com\/index.php\/wp-json\/wp\/v2\/media?parent=18"}],"curies":[{"name":"wp","href":"https:\/\/api.w.org\/{rel}","templated":true}]}}