{"id":17,"date":"2023-02-05T02:34:23","date_gmt":"2023-02-05T02:34:23","guid":{"rendered":"https:\/\/clarionc.com\/?page_id=17"},"modified":"2026-03-08T03:37:13","modified_gmt":"2026-03-08T03:37:13","slug":"planes-de-suscripcion","status":"publish","type":"page","link":"https:\/\/clarionc.com\/index.php\/planes-de-suscripcion\/","title":{"rendered":"An\u00e1lisis Numerol\u00f3gicos"},"content":{"rendered":"\n<div class=\"inherit-container-width wp-block-group alignfull has-ast-global-color-3-background-color has-background is-layout-constrained wp-block-group-is-layout-constrained\">\n<div class=\"wp-block-media-text has-media-on-the-right is-stacked-on-mobile is-vertically-aligned-center\" style=\"grid-template-columns:auto 45%\"><div class=\"wp-block-media-text__content\">\n<h2 class=\"wp-block-heading has-text-color\" style=\"color:#ffffff\">An\u00e1lisis Numerol\u00f3gicos<\/h2>\n\n\n\n<p class=\"has-text-color\" style=\"color:#e6e6e6\">Este servicio ofrece <strong>an\u00e1lisis numerol\u00f3gicos personales y empresariales<\/strong> que permiten comprender la vibraci\u00f3n energ\u00e9tica asociada a una persona o proyecto<\/p>\n\n\n\n<p class=\"has-text-color\" style=\"color:#e6e6e6\">A partir de los datos b\u00e1sicos, como nombre completo y fecha de nacimiento, se identifican patrones vibracionales que pueden influir en aspectos como prop\u00f3sito de vida, talentos, desaf\u00edos y ciclos personales.<\/p>\n\n\n\n<p class=\"has-text-color\" style=\"color:#e6e6e6\">En el \u00e1mbito empresarial, el estudio permite analizar la vibraci\u00f3n de marcas, proyectos o emprendimientos.<\/p>\n\n\n\n<p><strong>Nombre y apellido completo<\/strong><\/p>\n<\/div><figure class=\"wp-block-media-text__media\"><img loading=\"lazy\" decoding=\"async\" width=\"1024\" height=\"683\" src=\"https:\/\/clarionc.com\/wp-content\/uploads\/2023\/02\/Clarion_007-1024x683.jpg\" alt=\"\" class=\"wp-image-72 size-full\" srcset=\"https:\/\/clarionc.com\/wp-content\/uploads\/2023\/02\/Clarion_007-1024x683.jpg 1024w, https:\/\/clarionc.com\/wp-content\/uploads\/2023\/02\/Clarion_007-300x200.jpg 300w, https:\/\/clarionc.com\/wp-content\/uploads\/2023\/02\/Clarion_007-768x512.jpg 768w, https:\/\/clarionc.com\/wp-content\/uploads\/2023\/02\/Clarion_007-1536x1024.jpg 1536w, https:\/\/clarionc.com\/wp-content\/uploads\/2023\/02\/Clarion_007-174x116.jpg 174w, https:\/\/clarionc.com\/wp-content\/uploads\/2023\/02\/Clarion_007.jpg 1800w\" sizes=\"auto, (max-width: 1024px) 100vw, 1024px\" \/><\/figure><\/div>\n<\/div>\n\n\n\n<div class=\"wp-block-uagb-container uagb-block-8a0c7beb alignfull uagb-is-root-container\"><div class=\"uagb-container-inner-blocks-wrap\">\n<div class=\"wp-block-uagb-container uagb-block-32f3645f alignfull uagb-is-root-container\"><div class=\"uagb-container-inner-blocks-wrap\">\n<div class=\"wp-block-uagb-container uagb-block-e03c0119 alignfull uagb-is-root-container\"><div class=\"uagb-container-inner-blocks-wrap\">\n<div class=\"wp-block-uagb-advanced-heading uagb-block-fbee8845\"><h2 class=\"uagb-heading-text\">Personal &#8211; B\u00e1sico<\/h2><\/div>\n<\/div><\/div>\n\n\n\n<div class=\"wp-block-uagb-container uagb-block-fd26b203 alignfull uagb-is-root-container\"><div class=\"uagb-container-inner-blocks-wrap\">\n<p>Un an\u00e1lisis numerol\u00f3gico base consta de:<\/p>\n\n\n\n<ul class=\"wp-block-list\">\n<li>An\u00e1lisis del nombre: Esencia, Karma, Herramienta<\/li>\n\n\n\n<li>N\u00fameros base &#8211; pa\u00eds natal<\/li>\n\n\n\n<li>N\u00famero Interno\/Externo especial<\/li>\n\n\n\n<li>N\u00fameros base &#8211; cambio de pa\u00eds (en caso que haya migraci\u00f3n)<\/li>\n\n\n\n<li>Herramienta pa\u00eds natal<\/li>\n\n\n\n<li>Herramienta pa\u00eds de vivienda actual<\/li>\n<\/ul>\n<\/div><\/div>\n<\/div><\/div>\n\n\n\n<div class=\"wp-block-uagb-container uagb-block-fb2a66b3 alignfull uagb-is-root-container\"><div class=\"uagb-container-inner-blocks-wrap\">\n<div class=\"wp-block-uagb-container uagb-block-edcc586b alignfull uagb-is-root-container\"><div class=\"uagb-container-inner-blocks-wrap\">\n<div class=\"wp-block-uagb-advanced-heading uagb-block-9926afb4\"><h2 class=\"uagb-heading-text\">Personal &#8211; Avanzado<\/h2><\/div>\n<\/div><\/div>\n\n\n\n<div class=\"wp-block-uagb-container uagb-block-d1f62f4c alignfull uagb-is-root-container\"><div class=\"uagb-container-inner-blocks-wrap\">\n<p>Un an\u00e1lisis numerol\u00f3gico avanzado consta de:<\/p>\n\n\n\n<ul class=\"wp-block-list\">\n<li>An\u00e1lisis numerol\u00f3gico base<\/li>\n\n\n\n<li>Proyecci\u00f3n numerol\u00f3gica anual<\/li>\n<\/ul>\n<\/div><\/div>\n<\/div><\/div>\n\n\n\n<div class=\"wp-block-uagb-container uagb-block-e1725ab5 alignfull uagb-is-root-container\"><div class=\"uagb-container-inner-blocks-wrap\">\n<div class=\"wp-block-uagb-container uagb-block-5baf883a alignfull uagb-is-root-container\"><div class=\"uagb-container-inner-blocks-wrap\">\n<div class=\"wp-block-uagb-advanced-heading uagb-block-242fa630\"><h2 class=\"uagb-heading-text\">Personal &#8211; Completo<\/h2><\/div>\n<\/div><\/div>\n\n\n\n<div class=\"wp-block-uagb-container uagb-block-6d8eb31e alignfull uagb-is-root-container\"><div class=\"uagb-container-inner-blocks-wrap\">\n<p>El an\u00e1lisis numerol\u00f3gico completo, incluye:<\/p>\n\n\n\n<ul class=\"wp-block-list\">\n<li>An\u00e1lisis numerol\u00f3gico base<\/li>\n\n\n\n<li>An\u00e1lisis numerol\u00f3gico avanzado<\/li>\n\n\n\n<li>Proyecci\u00f3n numerol\u00f3gica mensual<\/li>\n\n\n\n<li>Toroide energ\u00e9tico<\/li>\n<\/ul>\n<\/div><\/div>\n<\/div><\/div>\n<\/div><\/div>\n\n\n<form  class=\"kaliforms-form-container bootstrap-wrapper input-with-bg no-borders no-shadows \" data-form-id=\"6\" style=\"opacity:0\"><h3>Contact form<\/h3><div id=\"kaliforms-global-error-message-6\" class=\"global-error-message\"><\/div><div class=\"row kali-form-field-row\"><div class=\"col-12 col-md-6 \"><label  for=\"first-name\">Nombre (incluya todos) <span class=\"kali-required-mark\">*<\/span><\/label><input  data-internal-id=\"textbox2\" type=\"text\" id=\"first-name\" name=\"first-name\" data-properties.type=\"text\" required ><\/div><div class=\"col-12 col-md-6 \"><label  for=\"last-name\">Apellido (incluya todos) <span class=\"kali-required-mark\">*<\/span><\/label><input  data-internal-id=\"textbox3\" type=\"text\" id=\"last-name\" name=\"last-name\" data-properties.type=\"text\" required ><\/div><\/div><div class=\"row kali-form-field-row\"><div class=\"col-12 col-md-6 \"><label  for=\"date8\">Fecha de nacimiento<\/label><input data-internal-id=\"date8\" type=\"date\" id=\"date8\" name=\"date\" class=\"input\"><\/div><div class=\"col-12 col-md-6 \"><label  for=\"telephone7\">N\u00famero telef\u00f3nico<\/label><input  data-internal-id=\"telephone7\" type=\"tel\" id=\"telephone7\" name=\"telephone\" data-format=\"free\"  class=\"input\"><\/div><\/div><div class=\"row kali-form-field-row\"><div class=\"col-12 col-md-12 \"><label  for=\"email\">Direcci\u00f3n de correo electr\u00f3nico <span class=\"kali-required-mark\">*<\/span><\/label><input  data-internal-id=\"textbox4\" type=\"text\" id=\"email\" name=\"email\" data-properties.type=\"text\" required ><\/div><\/div><div class=\"row kali-form-field-row\"><div class=\"col-12 col-md-12 \"><label  for=\"message\">Mensaje <span class=\"kali-required-mark\">*<\/span><\/label><textarea  data-internal-id=\"textarea5\" type=\"textarea\" id=\"message\" name=\"message\"required  rows=\"5\" class=\"input\"><\/textarea><\/div><\/div><div class=\"row kali-form-field-row\"><div class=\"col-12 col-md-12 \"><input  data-internal-id=\"submitbutton6\" type=\"submit\" id=\"submit\" data-style=\"btn light-green rounded\"  class=\"input btn light-green rounded\" value=\"Enviar mensaje\" ><\/div><\/div><!-- This form was built using Kali Forms --><\/form>\n","protected":false},"excerpt":{"rendered":"<p>An\u00e1lisis Numerol\u00f3gicos Este servicio ofrece an\u00e1lisis numerol\u00f3gicos personales y empresariales que permiten comprender la vibraci\u00f3n energ\u00e9tica asociada a una persona o proyecto A partir de los datos b\u00e1sicos, como nombre completo y fecha de nacimiento, se identifican patrones vibracionales que pueden influir en aspectos como prop\u00f3sito de vida, talentos, desaf\u00edos y ciclos personales. En el [&hellip;]<\/p>\n","protected":false},"author":1,"featured_media":0,"parent":0,"menu_order":0,"comment_status":"closed","ping_status":"closed","template":"","meta":{"_uag_custom_page_level_css":"","site-sidebar-layout":"default","site-content-layout":"","ast-site-content-layout":"default","site-content-style":"default","site-sidebar-style":"default","ast-global-header-display":"","ast-banner-title-visibility":"","ast-main-header-display":"","ast-hfb-above-header-display":"","ast-hfb-below-header-display":"","ast-hfb-mobile-header-display":"","site-post-title":"disabled","ast-breadcrumbs-content":"","ast-featured-img":"","footer-sml-layout":"","ast-disable-related-posts":"","theme-transparent-header-meta":"","adv-header-id-meta":"","stick-header-meta":"","header-above-stick-meta":"","header-main-stick-meta":"","header-below-stick-meta":"","astra-migrate-meta-layouts":"set","ast-page-background-enabled":"default","ast-page-background-meta":{"desktop":{"background-color":"var(--ast-global-color-4)","background-image":"","background-repeat":"repeat","background-position":"center center","background-size":"auto","background-attachment":"scroll","background-type":"","background-media":"","overlay-type":"","overlay-color":"","overlay-opacity":"","overlay-gradient":""},"tablet":{"background-color":"","background-image":"","background-repeat":"repeat","background-position":"center center","background-size":"auto","background-attachment":"scroll","background-type":"","background-media":"","overlay-type":"","overlay-color":"","overlay-opacity":"","overlay-gradient":""},"mobile":{"background-color":"","background-image":"","background-repeat":"repeat","background-position":"center center","background-size":"auto","background-attachment":"scroll","background-type":"","background-media":"","overlay-type":"","overlay-color":"","overlay-opacity":"","overlay-gradient":""}},"ast-content-background-meta":{"desktop":{"background-color":"var(--ast-global-color-5)","background-image":"","background-repeat":"repeat","background-position":"center center","background-size":"auto","background-attachment":"scroll","background-type":"","background-media":"","overlay-type":"","overlay-color":"","overlay-opacity":"","overlay-gradient":""},"tablet":{"background-color":"var(--ast-global-color-5)","background-image":"","background-repeat":"repeat","background-position":"center center","background-size":"auto","background-attachment":"scroll","background-type":"","background-media":"","overlay-type":"","overlay-color":"","overlay-opacity":"","overlay-gradient":""},"mobile":{"background-color":"var(--ast-global-color-5)","background-image":"","background-repeat":"repeat","background-position":"center center","background-size":"auto","background-attachment":"scroll","background-type":"","background-media":"","overlay-type":"","overlay-color":"","overlay-opacity":"","overlay-gradient":""}},"footnotes":""},"class_list":["post-17","page","type-page","status-publish","hentry"],"uagb_featured_image_src":{"full":false,"thumbnail":false,"medium":false,"medium_large":false,"large":false,"1536x1536":false,"2048x2048":false,"form-edit-image-preview":false},"uagb_author_info":{"display_name":"admin","author_link":"https:\/\/clarionc.com\/index.php\/author\/clarionc\/"},"uagb_comment_info":0,"uagb_excerpt":"An\u00e1lisis Numerol\u00f3gicos Este servicio ofrece an\u00e1lisis numerol\u00f3gicos personales y empresariales que permiten comprender la vibraci\u00f3n energ\u00e9tica asociada a una persona o proyecto A partir de los datos b\u00e1sicos, como nombre completo y fecha de nacimiento, se identifican patrones vibracionales que pueden influir en aspectos como prop\u00f3sito de vida, talentos, desaf\u00edos y ciclos personales. En el&hellip;","_links":{"self":[{"href":"https:\/\/clarionc.com\/index.php\/wp-json\/wp\/v2\/pages\/17","targetHints":{"allow":["GET"]}}],"collection":[{"href":"https:\/\/clarionc.com\/index.php\/wp-json\/wp\/v2\/pages"}],"about":[{"href":"https:\/\/clarionc.com\/index.php\/wp-json\/wp\/v2\/types\/page"}],"author":[{"embeddable":true,"href":"https:\/\/clarionc.com\/index.php\/wp-json\/wp\/v2\/users\/1"}],"replies":[{"embeddable":true,"href":"https:\/\/clarionc.com\/index.php\/wp-json\/wp\/v2\/comments?post=17"}],"version-history":[{"count":5,"href":"https:\/\/clarionc.com\/index.php\/wp-json\/wp\/v2\/pages\/17\/revisions"}],"predecessor-version":[{"id":132,"href":"https:\/\/clarionc.com\/index.php\/wp-json\/wp\/v2\/pages\/17\/revisions\/132"}],"wp:attachment":[{"href":"https:\/\/clarionc.com\/index.php\/wp-json\/wp\/v2\/media?parent=17"}],"curies":[{"name":"wp","href":"https:\/\/api.w.org\/{rel}","templated":true}]}}